ided by u(-1).
1
Let m be 8 - 4 - (-4 - -2). Calculate the remainder when ((-3)/(-2))/(3/m) is divided by 2.
1
Let k(w) = -w**3 - 4*w**2 - 7*w - 2. Calculate the remainder when k(-6) is divided by 29.
25
Suppose 2*s = -4*c + 46, 2*c = 5*s - 2*c - 101. Calculate the remainder when 67 is divided by s.
4
Calculate the remainder when (0 - -3)/((-2)/(-36)) is divided by 22.
10
Suppose -2*v - 4*h = -3*h - 15, 3*v - 2*h = 5. What is the remainder when 17 is divided by v?
2
Let a(r) = r**3 + 10*r**2 - 40*r - 2. What is the remainder when 32 is divided by a(-13)?
10
Let r = 3 + 2. Suppose 35 = r*u + 10. What is the remainder when 19 is divided by u?
4
Let g(o) = -4*o + 13. Calculate the remainder when g(-5) is divided by 12.
9
Let n(a) = a**3 + a**2 - a + 2. Calculate the remainder when n(3) is divided by 12.
11
Suppose -4*i + 88 = 3*o + o, 2*i - 44 = 5*o. Calculate the remainder when i is divided by 7.
1
Let p(y) = -11*y + 5. Suppose 3*l = -l - 12, 2*u + 3*l = -21. Calculate the remainder when p(u) is divided by 18.
17
Let a = -28 + 49. Calculate the remainder when (20/6)/(7/a) is divided by 6.
4
Suppose 2*z = 351 - 75. Calculate the remainder when 41 is divided by z/10 - (-2)/10.
13
Let s(g) = 11*g**3 - g**2. Let u be s(1). Let q = u - 5. Let f(o) = -4*o. What is the remainder when f(-2) is divided by q?
3
Let m = 7 + -13. Let h(t) = -3*t + 8. Suppose -11 - 9 = 5*n, -2*o = -5*n - 34. What is the remainder when h(m) is divided by o?
5
Let p = -42 - -71. Calculate the remainder when 173 is divided by p.
28
Suppose 8*k - 25 = 7. What is the remainder when 10 is divided by k?
2
Suppose 18 = 5*r - 8*r. What is the remainder when (-16)/r*63/4 is divided by 15?
12
Let q(y) = y**2 + 17*y + 19. Calculate the remainder when 7 is divided by q(-16).
1
Let p = 63 - 31. Suppose c - 3*w - w + 42 = 0, -5*c + 3*w - 125 = 0. Calculate the remainder when p is divided by 1/(42/c + 2).
10
Suppose 4*i = -i + 10. Let a = 19 + -8. What is the remainder when a is divided by (i - -6)*2/4?
3
Let o(t) = t**3 - 6*t**2 + 5*t + 7. Calculate the remainder when o(5) is divided by (-102)/(-24) - 1/4.
3
Suppose -2*v + 64 + 8 = 0. Calculate the remainder when v is divided by 19.
17
Let l = -6 + 10. Let v = l + -2. Suppose h = -v*h + 3*u + 147, -h - 2*u = -34. What is the remainder when h is divided by 15?
14
Let f = -4 - -22. Suppose 0 = p + 2*p - 15. What is the remainder when f is divided by p?
3
Suppose -2*n = -n - 25. Calculate the remainder when 74 is divided by n.
24
Let j(t) = -t**3 + 6*t**2 + 11*t + 2. Calculate the remainder when j(6) is divided by 23.
22
Suppose 0 = 5*n - 3*u - 8 + 18, 5*n + 3*u - 20 = 0. Let x be (-1 - (-7 + 1))/n. Suppose -10 - 25 = -x*c. Calculate the remainder when 19 is divided by c.
5
Suppose -10 = -3*m + 2*y, 3*m - y - 10 = -m. Let w(j) = -j - 9 - j + 4 + j**3 - 5*j**m. Calculate the remainder when w(6) is divided by 7.
5
Let c(q) = -q - 2. Let l be c(-2). Suppose 3*r + 4*i + 16 = l, -3*i - 12 = 5*r - 0. Suppose 5*j + r*j - 65 = 0. Calculate the remainder when j is divided by 4.
1
Suppose 0 = -30*h + 27*h + 45. Calculate the remainder when 56 is divided by h.
11
Let v(t) = 3*t**2 - 13*t + 37. What is the remainder when v(5) is divided by 10?
7
Suppose 0 = -2*w + 4*w + 3*n + 5, 2*w = 5*n + 35. Suppose -9 = -j + s, 5 = w*j + 2*s + s. Calculate the remainder when 7 is divided by j.
3
Suppose 0*w = 2*w - 8. Suppose -w*a - 11 = -35. Suppose -3*o + 0*o + a = 0. What is the remainder when o is divided by 2?
0
Let i(k) = -8*k**2 + k + 3. Let q be i(3). Let c(r) = -r**3 + 7*r**2 + 3*r + 13. Let s be c(9). Let w = q - s. What is the remainder when w is divided by 19?
18
Let d(f) = -f**2 + 9*f + 3. What is the remainder when 76 is divided by d(8)?
10
Suppose 4*i + 31 = h, -2*i = 5 + 5. What is the remainder when 31 is divided by h?
9
Suppose 5*u = -5*x - 25, u + 4*u = -4*x - 22. Calculate the remainder when u + 3 + -5 + 7 is divided by 2.
1
Suppose 2 = -j - 5. Let v = 2 - j. What is the remainder when v is divided by 5?
4
Calculate the remainder when 12 is divided by 2/(4/10) + 2.
5
Let k(q) = q**3 + 5*q**2 + q + 2. What is the remainder when 8/44 - (-2324)/44 is divided by k(-4)?
11
Let c = -2 - -4. What is the remainder when 3 is divided by c?
1
Let t = 108 + -75. Suppose 0 = -f + 5*j - 13, 2*f + 2*j = f + 22. What is the remainder when t is divided by f?
9
Let w(t) = -6*t + 4. What is the remainder when 138 is divided by w(-1)?
8
Suppose r = -3*b + 12, -b + 2 = -2*r - 2. What is the remainder when 8 is divided by b?
0
Suppose 2*w = 2*i + 12, 3*i + 16 + 0 = w. What is the remainder when (-8)/12*(-14 - w) is divided by 0 + 1 + 0 + 3?
2
Let p = -37 - -53. Calculate the remainder when 63 is divided by p.
15
Let j = -10 - -10. Suppose j = 4*a - 6 + 14. Calculate the remainder when 1*58 + a/2 is divided by 15.
12
What is the remainder when 65 is divided by 2 - (3 - (24 - 1))?
21
Let o be (-2 + -4)/(6/(-8)). Suppose -q + 8 = -11. Let c = q - o. What is the remainder when 20 is divided by c?
9
Let m = -40 + 42. Suppose 4*v - 4*h - 8 = 0, h + 3*h = v + 7. Calculate the remainder when v is divided by m.
1
Let u = 25 - 14. Suppose 4*h - 102 = -3*o + 7*h, 53 = 2*o + 3*h. What is the remainder when o is divided by u?
9
Suppose -2*f + 38 = -0*f. Suppose 3*n = 10 + 104. Let b = n - f. What is the remainder when 37 is divided by b?
18
Let g(u) = u + 33. Let q be g(7). Let n be 4/(-14) + 131/(-7). Let h = n + q. Calculate the remainder when h is divided by 12.
9
Suppose 0 = 5*q - 300 + 105. Suppose -g + 10 = -0*g. What is the remainder when q is divided by g?
9
Calculate the remainder when 92 is divided by (-8)/240*-582 - (-4)/(-10).
16
Calculate the remainder when ((-1398)/(-24) - -9)/(2/8) is divided by 68.
65
Let r(f) = -2*f**2 + 2*f + 58. What is the remainder when r(0) is divided by 16?
10
Calculate the remainder when (5 - 7) + (16 - -3) is divided by 6.
5
Let f = 0 - 1. Let u be 4*4 + (-1 - f). Suppose 0*d - 3*d + 4*l + u = 0, 0 = -2*l + 10. Calculate the remainder when 23 is divided by d.
11
Let m(p) = 2*p + 3. Let u(s) = 2*s - 5. Let i be u(5). What is the remainder when 51 is divided by m(i)?
12
Let o(q) = q**3 - 4*q**2 + 2*q - 5. Suppose 2*n = m - 20, n - 80 = -4*m - 3*n. What is the remainder when o(6) is divided by m?
19
Suppose 6*f - 3*f - 57 = 0. What is the remainder when f is divided by 1/(80/(-28) - -3)?
5
Let k = 39 + -24. Suppose 3*d - 5 = -0*t + 2*t, 4*d - 20 = -4*t. Suppose 0*h + 56 = t*h. What is the remainder when h is divided by k?
13
Let f = 1 + 3. Let t = 13 + -3. Let m = t - 3. What is the remainder when m is divided by f?
3
Let u = 12 - 7. Let b(d) = -5*d - 2. Let l = 4 + -6. Calculate the remainder when b(l) is divided by u.
3
Suppose -4*v = -4*o - 148, -2*v + 2*o = v - 106. What is the remainder when 126 is divided by v?
30
Suppose -b = 5*f + 10, 8 = -0*f - f + b. Let m = f - -20. What is the remainder when m is divided by -1*(-8)/2 + 2?
5
Let z(l) = -l**2 - 6*l - 6. What is the remainder when -3 - ((-3 - 1) + -6) is divided by z(-4)?
1
Suppose -5*k - 6 = -141. What is the remainder when 133 is divided by k?
25
Calculate the remainder when 450/4*54/45 is divided by 34.
33
Let d(b) be the second derivative of b**5/5 - b**4/3 + b**3/2 - b**2/2 + 5*b. Calculate the remainder when d(2) is divided by 6.
3
Let a be ((-2)/(-2))/(1/(-5)). Calculate the remainder when ((-34)/4)/((-4)/16) is divided by -4*(a - -2) + 0.
10
Let y = 11 - 8. Let x = y - -8. Calculate the remainder when (-8)/(0 - (-4)/(-10)) is divided by x.
9
Let i = 50 + 3. What is the remainder when i is divided by 14?
11
Let b(l) = -l**2 - 11*l - 15. Let i be b(-10). Let r = 7 + i. What is the remainder when 3 is divided by r?
1
Let h(y) = 3*y**2 - 6*y + 0 + 3 - 2*y**2 + 3. Let n be ((-2)/(-3))/(4/42). What is the remainder when 51 is divided by h(n)?
12
Let q = -228 - -285. Suppose 0*u = 2*u - 30. What is the remainder when q is divided by u?
12
Suppose 4*o = 3*o + 3*j - 6, j = 5. Let p(q) = q**2 - 9*q + 3. Calculate the remainder when 5 is divided by p(o).
2
Suppose -31 = -3*p - 4*u, 3*u = -p - 0*u + 7. What is the remainder when 47 is divided by p?
8
Let w(k) = 1. Let d(p) = 2*p - 4. Let f(n) = d(n) + 6*w(n). What is the remainder when 21 is divided by f(5)?
9
Let a(p) = -2*p + 3. Le